factor of b and 110.
10
Let k(t) = t**2 - 3*t - 3. Let f be k(-2). Let m = -114 - -233. Calculate the highest common factor of m and f.
7
Let j(m) = 2*m + 13. Let q = 6 + -17. Let b be j(q). Let x be (13 + -4)*(-6)/b. What is the highest common divisor of 9 and x?
3
Let o be (-6)/9 + (-133)/3. Let t = 81 + o. Suppose 14*s = 104 + 232. What is the greatest common factor of s and t?
12
Let d(g) = -35*g + 15. Let k be d(-3). Let q = -78 + k. What is the highest common divisor of q and 14?
14
Suppose -42 - 96 = -3*o + 2*h, h + 237 = 5*o. Calculate the greatest common divisor of 240 and o.
48
Let p(q) = 2*q**3 + 15*q**2 + 18*q + 8. Let h be p(-5). What is the greatest common factor of h and 129?
43
Suppose -3*m + g + 2 = 0, -2*g + 5 = -m - 1. Suppose f + 1 - m = 0. Let x be (-1)/f - (0 - 2). Calculate the greatest common divisor of 7 and x.
1
Let d(w) = -w**3 + 6*w**2 + 58*w - 196. Let a be d(8). Suppose 2*y - 2*f - 104 = 0, -4*y - 2*f + 288 = y. What is the greatest common factor of a and y?
28
Suppose 5*d - 5*i - 145 = -35, -i = -4*d + 79. What is the greatest common divisor of d and 722?
19
Suppose -3*k = -k + 4*m - 6, 5*k - 20 = -5*m. Let z be (21 - -1)*(15/6 + 1). Suppose 243 = k*y - z. What is the highest common divisor of 8 and y?
8
Let b(x) = 26*x + 197. Let j be b(-7). What is the highest common divisor of 165 and j?
15
Let a(i) be the third derivative of i**4/3 - 7*i**3/6 + 206*i**2. Let s = 13 + -9. Let r be a(s). What is the greatest common factor of r and 25?
25
Suppose 5*c + 4*o - 16 = 0, 4 = c - 4*o - 4. Suppose -19 = -b - u, 37 = 2*b + 5*u - c. Let v = b - 6. What is the greatest common divisor of 72 and v?
12
Let a be (-28)/(-3) - (-2)/3. Let u = -87 - -150. Let j be 639/u - (-2)/(-14). What is the greatest common factor of a and j?
10
Let b = -345 - -378. Calculate the greatest common divisor of 33 and b.
33
Suppose -38*o = 27*o - 29835. Calculate the greatest common divisor of o and 108.
27
Let a be (-208)/(-91) + 6/(-21). Suppose m + 5 = -5. Let w be m*1/(a/(-2)). Calculate the greatest common divisor of w and 30.
10
Let l(f) = -2*f + f + 3 + 0*f. Suppose 0 = -4*u + 10 - 26, 4*u + 61 = -5*d. Let i be l(d). Calculate the greatest common factor of 8 and i.
4
Let u = 464 + -432. What is the highest common factor of u and 48?
16
Let o(i) = 20 - 2 + 6 - i. Let d be o(15). Calculate the highest common factor of 90 and d.
9
Suppose -72 = -m + 4. Calculate the greatest common factor of 19 and m.
19
Suppose 7 = p - 8. Suppose p = 3*g, 2*g - 9 = -5*v + 91. Let q = 5502 - 5358. What is the greatest common divisor of v and q?
18
Suppose 792 = 114*z - 106*z. What is the greatest common divisor of z and 11?
11
Suppose 13 - 388 = -5*q. Let d be -1 + (-2 - -58) - (-482 - -477). Calculate the highest common divisor of q and d.
15
Let t(v) = -211*v**3 + v. Let j be t(-1). Let o be 6 + (9/(-9) - -37). What is the greatest common divisor of j and o?
42
Let m = 3 - 2. Suppose 10 = a - p + 9, 0 = -2*p - 8. Let n be -3 - (a + m + -66). Calculate the greatest common factor of n and 26.
13
Let h be (23 + -16)*36/14. Let d be (-14)/63 + 76/h. Suppose -4*x - 2*m = -88, -2*x + 4*m = -d*x + 56. Calculate the highest common factor of x and 8.
4
Suppose 2872 + 13136 = 12*f. Calculate the greatest common divisor of 58 and f.
58
Let t = -83 + 85. Suppose 3*z - y = 284, -t*z + 120 + 76 = y. What is the greatest common divisor of 12 and z?
12
Let c(l) = 2*l**2 + 3*l. Suppose -6 = -8*r + 10*r. Let u be c(r). Let d be -2 + 3 + 17*u. What is the greatest common divisor of d and 14?
14
Suppose -17*i + 13*i = y - 8, -y - i + 11 = 0. Suppose -2*n + 4*o + 88 = 0, 0*n - 2*o = 4*n - 196. What is the highest common divisor of n and y?
12
Suppose -2*d + 139 = 3*w, 5*d - 38 = -w + 17. Calculate the highest common factor of 180 and w.
45
Let c = 204 - -37. Let n = 349 - c. What is the highest common factor of 12 and n?
12
Suppose 5*y = -3*g + 23, y - 5*g + 3 - 2 = 0. Let z be 1/(y + (-108)/28). Suppose o - 8 = z. What is the greatest common factor of 5 and o?
5
Suppose 30 = 5*s + p - 43, 0 = 4*s + 2*p - 62. Suppose 2*r - s = r. Suppose -3*d + 35 = r. What is the highest common divisor of d and 63?
7
Let t = -245 + 279. What is the greatest common divisor of 493 and t?
17
Suppose 1400 = 2*m - 4*j, 26*m + 5*j = 27*m - 694. Calculate the greatest common divisor of 32 and m.
32
Let t(r) = r**2 - 19*r - 51. Let b be t(24). What is the highest common divisor of 12 and b?
3
Suppose 5*p = 2*j - 397, 6 = 4*p + 26. Calculate the greatest common divisor of j and 6.
6
Suppose 8*p - 3*p + 3*m - 159 = 0, -p = 4*m - 42. Let d = 51 - 21. Calculate the highest common factor of p and d.
30
Suppose 2*a - 10 + 24 = 0. Let x be 616/a*(-18)/4. Calculate the greatest common divisor of x and 36.
36
Let b(d) = 2*d + 16. Let c be b(5). Suppose 30*k - 12 = c*k. What is the highest common factor of k and 30?
3
Let r(z) = 0*z**3 + 6*z**2 - 3 + 6*z**2 + 11*z + z**3 + 4. Let c be r(-11). Let y(n) = 8*n + 2. Let j be y(c). Calculate the highest common divisor of j and 40.
10
Let o be (8 - 0)*3/(-6)*-4. Calculate the highest common factor of o and 112.
16
Let f be (-1 - 10/(-2)) + 1. Suppose -f*p + 12*p - 735 = 0. Calculate the greatest common factor of p and 70.
35
Let v be 29 + (-5)/(-10)*-1*-2. Let g(d) = d**3 - 8*d**2 - 10*d - 13. Let q be g(11). What is the highest common divisor of v and q?
30
Let h(s) = s**2 - s - 2. Let w be h(5). Let z be 3/w + 3590/60. What is the greatest common divisor of 12 and z?
12
Let v = -1180 + 1267. Calculate the greatest common factor of 203 and v.
29
Let j = -91 - -96. What is the highest common divisor of j and 305?
5
Suppose 0 = f + 5, 88 = -28*z + 30*z - 4*f. Calculate the highest common factor of 8 and z.
2
Let v = -28 - -14. Let y be 1227/7 + 1 - (-4)/v. What is the highest common divisor of 16 and y?
16
Let l(g) = -10*g**2 - 544*g - 199. Let s be l(-54). Let n be 53 + -2 + 0 + 0. What is the highest common divisor of s and n?
17
Let h(t) = -14*t - 64. Let a be h(-8). Let m be (42/49)/(2/14). Calculate the highest common factor of a and m.
6
Suppose -8 = -4*q - z + 7, -4*q + 6 = -2*z. Suppose 0 = 8*k - q*k - 25. Suppose 7*o - 168 = k*o. Calculate the greatest common factor of 14 and o.
14
Let f(a) = -9*a**3 + 11*a**2 - 21. Let h(o) = 4*o**3 - 5*o**2 + 10. Let b(v) = 3*f(v) + 7*h(v). Let i be b(7). Calculate the highest common divisor of 28 and i.
28
Let t(v) = -2*v**3 - 2*v**2 + 13*v + 12. Let f be t(-4). What is the greatest common factor of f and 80?
8
Let a be (-80)/2*13/(-4). Let g = -418 + 470. What is the greatest common factor of g and a?
26
Let u be 36/45*5/(-2). Let x be (1/u)/(14/(-252)). Let v(n) = -14*n + 3. Let b be v(-3). What is the highest common factor of x and b?
9
Suppose s = -s + 28. Let r = -1 + s. Let i = 28 - r. Calculate the greatest common factor of 10 and i.
5
Let w be (-74)/(-7) - 3/(-7). Suppose w*l - 1444 = -113. Calculate the greatest common factor of 11 and l.
11
Let i = -13 + 23. Suppose -2*y + 10*y = 64. What is the highest common divisor of y and i?
2
Suppose -4 = -2*z - 3*g + 113, g = 2*z - 129. What is the highest common divisor of z and 84?
21
Suppose -2*b + 2*y = -50, 0*y + y = -5. Calculate the highest common factor of 140 and b.
20
Let a = 2 - -19. Let m be a/(-14)*(-4)/3. Suppose u + 5*g + 4 = -10, -m = -5*u - g. What is the greatest common divisor of 8 and u?
1
Let f be 3*5/((-15)/(-14)). Let m be (-398)/(-11) + (-4)/22. Let v be 3552/m - 4/6. Calculate the highest common divisor of v and f.
14
Suppose -3*a - 831 = -4*w, 760 - 143 = 3*w - a. Calculate the greatest common factor of 24 and w.
12
Suppose -8 = -4*c, q - 157 = -c - c. Calculate the highest common factor of 204 and q.
51
Let n be (-3)/(-9) + (-62)/6. Let x be ((-2)/3)/((-7)/(-21)). Let z be (n/x + -4)*60. Calculate the highest common divisor of z and 12.
12
Suppose 0 = -5*q - 2*c + 68 - 2, -2*q - 4*c + 36 = 0. What is the greatest common divisor of 3 and q?
3
Suppose 0 = 5*o - 15, -2*o + 3*o = 2*u - 285. Let a be (18/(-15))/((-6)/15). Suppose 35 = a*h - 13. Calculate the highest common divisor of u and h.
16
Suppose -5*k + 20 + 53 = 3*t, 0 = -5*k - 5*t + 75. Suppose -3*a + 369 + 51 = 0. Calculate the greatest common factor of k and a.
14
Let q = 588 + -575. W